{"id":4696,"date":"2024-09-04T07:44:49","date_gmt":"2024-09-04T07:44:49","guid":{"rendered":"https:\/\/bcmimprovement.com\/site1\/?page_id=4696"},"modified":"2024-10-13T06:12:58","modified_gmt":"2024-10-13T06:12:58","slug":"licencias-de-software","status":"publish","type":"page","link":"https:\/\/bcmimprovement.com\/site1\/productos\/licencias-de-software\/","title":{"rendered":"Licencias de Software"},"content":{"rendered":"\t\t<div data-elementor-type=\"wp-page\" data-elementor-id=\"4696\" class=\"elementor elementor-4696\">\n\t\t\t\t<div class=\"elementor-element elementor-element-45a52022 e-con-full e-flex e-con e-parent\" data-id=\"45a52022\" data-element_type=\"container\">\n\t\t<div class=\"elementor-element elementor-element-25f13430 e-con-full e-flex e-con e-child\" data-id=\"25f13430\" data-element_type=\"container\">\n\t\t\t\t<div class=\"elementor-element elementor-element-2625779 elementor-widget__width-auto elementor-absolute elementor-widget elementor-widget-ct_image\" data-id=\"2625779\" data-element_type=\"widget\" data-settings=\"{&quot;_position&quot;:&quot;absolute&quot;}\" data-widget_type=\"ct_image.default\">\n\t\t\t\t<div class=\"elementor-widget-container\">\n\t\t\t<div class=\"ct-image-single  slide-right-to-left\" data-wow-duration=\"1.2s\" data-wow-delay=\"ms\">\r\n                        <img fetchpriority=\"high\" decoding=\"async\" width=\"239\" height=\"254\" src=\"https:\/\/bcmimprovement.com\/site1\/wp-content\/uploads\/2022\/10\/h7-shape2.png\" class=\"attachment-full\" alt=\"\" \/>            <\/div>\t\t<\/div>\n\t\t\t\t<\/div>\n\t\t\t\t<div class=\"elementor-element elementor-element-724440a2 elementor-widget elementor-widget-ct_image\" data-id=\"724440a2\" data-element_type=\"widget\" data-widget_type=\"ct_image.default\">\n\t\t\t\t<div class=\"elementor-widget-container\">\n\t\t\t<div class=\"ct-image-single  \" data-wow-duration=\"1.2s\" data-wow-delay=\"ms\">\r\n                        <img decoding=\"async\" width=\"600\" height=\"400\" src=\"https:\/\/bcmimprovement.com\/site1\/wp-content\/uploads\/2021\/01\/005.jpg\" class=\"attachment-full\" alt=\"\" \/>            <\/div>\t\t<\/div>\n\t\t\t\t<\/div>\n\t\t\t\t<div class=\"elementor-element elementor-element-efac8d9 elementor-widget__width-auto elementor-absolute elementor-hidden-tablet elementor-hidden-mobile elementor-widget elementor-widget-ct_image\" data-id=\"efac8d9\" data-element_type=\"widget\" data-settings=\"{&quot;_position&quot;:&quot;absolute&quot;}\" data-widget_type=\"ct_image.default\">\n\t\t\t\t<div class=\"elementor-widget-container\">\n\t\t\t<div class=\"ct-image-single  \" data-wow-duration=\"1.2s\" data-wow-delay=\"ms\">\r\n                        <img decoding=\"async\" width=\"233\" height=\"336\" src=\"https:\/\/bcmimprovement.com\/site1\/wp-content\/uploads\/2022\/10\/h7-shape3.png\" class=\"attachment-full\" alt=\"\" \/>            <\/div>\t\t<\/div>\n\t\t\t\t<\/div>\n\t\t\t\t<div class=\"elementor-element elementor-element-503abee2 elementor-widget elementor-widget-image\" data-id=\"503abee2\" data-element_type=\"widget\" data-widget_type=\"image.default\">\n\t\t\t\t<div class=\"elementor-widget-container\">\n\t\t\t<style>\/*! elementor - v3.23.0 - 05-08-2024 *\/\n.elementor-widget-image{text-align:center}.elementor-widget-image a{display:inline-block}.elementor-widget-image a img[src$=\".svg\"]{width:48px}.elementor-widget-image img{vertical-align:middle;display:inline-block}<\/style>\t\t\t\t\t\t\t\t\t\t<img loading=\"lazy\" decoding=\"async\" width=\"116\" height=\"116\" src=\"https:\/\/bcmimprovement.com\/site1\/wp-content\/uploads\/2024\/09\/favicon-bcm.png\" class=\"attachment-large size-large wp-image-4563\" alt=\"\" \/>\t\t\t\t\t\t\t\t\t\t\t\t\t<\/div>\n\t\t\t\t<\/div>\n\t\t\t\t<\/div>\n\t\t<div class=\"elementor-element elementor-element-4a4ff724 e-con-full e-flex e-con e-child\" data-id=\"4a4ff724\" data-element_type=\"container\">\n\t\t\t\t<div class=\"elementor-element elementor-element-74c828d elementor-widget elementor-widget-heading\" data-id=\"74c828d\" data-element_type=\"widget\" data-widget_type=\"heading.default\">\n\t\t\t\t<div class=\"elementor-widget-container\">\n\t\t\t<style>\/*! elementor - v3.23.0 - 05-08-2024 *\/\n.elementor-heading-title{padding:0;margin:0;line-height:1}.elementor-widget-heading .elementor-heading-title[class*=elementor-size-]>a{color:inherit;font-size:inherit;line-height:inherit}.elementor-widget-heading .elementor-heading-title.elementor-size-small{font-size:15px}.elementor-widget-heading .elementor-heading-title.elementor-size-medium{font-size:19px}.elementor-widget-heading .elementor-heading-title.elementor-size-large{font-size:29px}.elementor-widget-heading .elementor-heading-title.elementor-size-xl{font-size:39px}.elementor-widget-heading .elementor-heading-title.elementor-size-xxl{font-size:59px}<\/style><h5 class=\"elementor-heading-title elementor-size-default\">Licencias de Software: Soluciones Flexibles para Cada Empresa<\/h5>\t\t<\/div>\n\t\t\t\t<\/div>\n\t\t\t\t<div class=\"elementor-element elementor-element-4b1930f0 elementor-widget elementor-widget-ct_text_editor\" data-id=\"4b1930f0\" data-element_type=\"widget\" data-widget_type=\"ct_text_editor.default\">\n\t\t\t\t<div class=\"elementor-widget-container\">\n\t\t\t<div id=\"ct_text_editor-4b1930f0\" class=\"ct-text-editor \">\n\t<div class=\"ct-item--inner\">\n\t\t<div class=\"ct-inline-css\"  data-css=\"\n\t        \">\n\t    <\/div>\n\t\t<div class=\"ct-text-editor elementor-clearfix\"><p>Ofrecemos una amplia gama de licencias de software comercial para empresas de todos los tama\u00f1os. Nuestro cat\u00e1logo incluye soluciones de productividad, gesti\u00f3n de proyectos, dise\u00f1o gr\u00e1fico y seguridad inform\u00e1tica de los principales desarrolladores del mercado. Ofrecemos opciones flexibles de licenciamiento, desde suscripciones mensuales hasta licencias perpetuas, adapt\u00e1ndonos a las necesidades y presupuestos de cada cliente. Nuestro equipo de expertos proporciona asesoramiento personalizado para ayudar a las empresas a elegir el software m\u00e1s adecuado, adem\u00e1s de brindar soporte t\u00e9cnico y actualizaciones continuas para garantizar el m\u00e1ximo rendimiento y valor de su inversi\u00f3n en software.<\/p><\/div>\n\t<\/div>\n<\/div>\t\t<\/div>\n\t\t\t\t<\/div>\n\t\t\t\t<\/div>\n\t\t\t\t<\/div>\n\t\t        <section class=\"elementor-section elementor-top-section elementor-element elementor-element-32b967e5 elementor-section-stretched elementor-section-boxed elementor-section-height-default elementor-section-height-default\" data-id=\"32b967e5\" data-element_type=\"section\" id=\"section-insurance\" data-settings=\"{&quot;stretch_section&quot;:&quot;section-stretched&quot;,&quot;background_background&quot;:&quot;classic&quot;}\">\n            \n                        <div class=\"elementor-container elementor-column-gap-extended \">\n                    <div class=\"elementor-column elementor-col-100 elementor-top-column elementor-element elementor-element-1a3e891e\" data-id=\"1a3e891e\" data-element_type=\"column\">\n        <div class=\"elementor-widget-wrap elementor-element-populated\">\n                    \n                <section class=\"elementor-section elementor-inner-section elementor-element elementor-element-6e34dc5f form-custom-color elementor-section-boxed elementor-section-height-default elementor-section-height-default\" data-id=\"6e34dc5f\" data-element_type=\"section\">\n            \n                        <div class=\"elementor-container elementor-column-gap-extended \">\n                    <div class=\"elementor-column elementor-col-50 elementor-inner-column elementor-element elementor-element-374fca07\" data-id=\"374fca07\" data-element_type=\"column\">\n        <div class=\"elementor-widget-wrap elementor-element-populated\">\n                    \n        \t\t<div class=\"elementor-element elementor-element-2f8406db elementor-widget elementor-widget-ct_heading\" data-id=\"2f8406db\" data-element_type=\"widget\" data-widget_type=\"ct_heading.default\">\n\t\t\t\t<div class=\"elementor-widget-container\">\n\t\t\t<div class=\"ct-heading ct-heading-default h-align- \" data-wow-duration=\"1.2s\">\r\n\t<div class=\"ct-heading--inner\">\r\n            \t\t<div class=\"item--sub-title style4\">\r\n                <span>\r\n                       \r\n                    Obtenga una cotizaci\u00f3n                                            <i class=\"sub-dot-shape\">\r\n                            <i><\/i>\r\n                            <i><\/i>\r\n                            <i><\/i>\r\n                        <\/i>\r\n                            \r\n                <\/span>\r\n            <\/div>\r\n    \t                <h3 class=\"item--title\">\r\n                        Cont\u00e1ctenos        <\/h3>\r\n    <\/div>\r\n<\/div>\t\t<\/div>\n\t\t\t\t<\/div>\n\t\t\t\t<div class=\"elementor-element elementor-element-7f25c3b0 elementor-widget elementor-widget-html\" data-id=\"7f25c3b0\" data-element_type=\"widget\" data-widget_type=\"html.default\">\n\t\t\t\t<div class=\"elementor-widget-container\">\n\t\t\t<form action=\"https:\/\/submit-form.com\/cCBzYsWkn\" data-botpoison-public-key=\"pk_ef12ed2a-9927-47aa-bc75-e9d983c7d3c4\">\r\n    <input type=\"hidden\" name=\"_redirect\" value=\"https:\/\/bcmimprovement.com\/site1\/gracias-por-su-mensaje\/\"\/>\r\n    <input type=\"hidden\" name=\"_append\" value=\"false\" \/>\r\n    <input type=\"hidden\" name=\"_error\" value=\"https:\/\/bcmimprovement.com\/site1\/error-en-su-mensaje\/\" \/>\r\n  <label for=\"name\">Nombre<\/label>\r\n  <input type=\"text\" id=\"name\" name=\"name\" placeholder=\"Nombre Apellido\" required=\"\" \/>\r\n  <label for=\"email\">Email<\/label>\r\n  <input type=\"email\" id=\"email\" name=\"email\" placeholder=\"correo@empresa.com\" required=\"\" \/>\r\n  <label for=\"message\">Mensaje<\/label>\r\n  <textarea\r\n    id=\"message\"\r\n    name=\"message\"\r\n    placeholder=\"Escriba aqu\u00ed su solicitud de cotizaci\u00f3n.\"\r\n    required=\"\"\r\n  ><\/textarea>\r\n  <button type=\"submit\">Enviar<\/button>\r\n<\/form>\r\n\t\t<\/div>\n\t\t\t\t<\/div>\n\t\t            <\/div>\n        <\/div>\n                <div class=\"elementor-column elementor-col-50 elementor-inner-column elementor-element elementor-element-427360ac\" data-id=\"427360ac\" data-element_type=\"column\">\n        <div class=\"elementor-widget-wrap elementor-element-populated\">\n                    \n        \t\t<div class=\"elementor-element elementor-element-655e274d elementor-widget elementor-widget-ct_text_editor\" data-id=\"655e274d\" data-element_type=\"widget\" data-widget_type=\"ct_text_editor.default\">\n\t\t\t\t<div class=\"elementor-widget-container\">\n\t\t\t<div id=\"ct_text_editor-655e274d\" class=\"ct-text-editor \">\n\t<div class=\"ct-item--inner\">\n\t\t<div class=\"ct-inline-css\"  data-css=\"\n\t        \">\n\t    <\/div>\n\t\t<div class=\"ct-text-editor elementor-clearfix\"><p>Soluciones tecnol\u00f3gicas para su negocio.<\/p><\/div>\n\t<\/div>\n<\/div>\t\t<\/div>\n\t\t\t\t<\/div>\n\t\t\t\t<div class=\"elementor-element elementor-element-10326472 elementor-widget elementor-widget-ct_text_editor\" data-id=\"10326472\" data-element_type=\"widget\" data-widget_type=\"ct_text_editor.default\">\n\t\t\t\t<div class=\"elementor-widget-container\">\n\t\t\t<div id=\"ct_text_editor-10326472\" class=\"ct-text-editor \">\n\t<div class=\"ct-item--inner\">\n\t\t<div class=\"ct-inline-css\"  data-css=\"\n\t        \">\n\t    <\/div>\n\t\t<div class=\"ct-text-editor elementor-clearfix\"><p>Nuestra experiencia y conocimiento del mercado nos permite brindar una plataforma de soporte robusta. Estamos comprometidos con la formaci\u00f3n y actualizaci\u00f3n permanente del pilar m\u00e1s importante que es nuestro equipo de colaboradores.<\/p><p>Adicional al conocimiento t\u00e9cnico contamos con una visi\u00f3n estrat\u00e9gica enfocada en el conocimiento del negocio de nuestros clientes compartiendo alternativas tecnol\u00f3gicas que potencialicen nuestro crecimiento conjunto.<\/p><\/div>\n\t<\/div>\n<\/div>\t\t<\/div>\n\t\t\t\t<\/div>\n\t\t\t\t<div class=\"elementor-element elementor-element-54d2f23b elementor-widget elementor-widget-ct_text_editor\" data-id=\"54d2f23b\" data-element_type=\"widget\" data-widget_type=\"ct_text_editor.default\">\n\t\t\t\t<div class=\"elementor-widget-container\">\n\t\t\t<div id=\"ct_text_editor-54d2f23b\" class=\"ct-text-editor \">\n\t<div class=\"ct-item--inner\">\n\t\t<div class=\"ct-inline-css\"  data-css=\"\n\t        \">\n\t    <\/div>\n\t\t<div class=\"ct-text-editor elementor-clearfix\"><p><strong>contacto@bcmimprovement.com<\/strong><\/p><\/div>\n\t<\/div>\n<\/div>\t\t<\/div>\n\t\t\t\t<\/div>\n\t\t\t\t<div class=\"elementor-element elementor-element-6c4ff3cd elementor-widget elementor-widget-ct_text_editor\" data-id=\"6c4ff3cd\" data-element_type=\"widget\" data-widget_type=\"ct_text_editor.default\">\n\t\t\t\t<div class=\"elementor-widget-container\">\n\t\t\t<div id=\"ct_text_editor-6c4ff3cd\" class=\"ct-text-editor \">\n\t<div class=\"ct-item--inner\">\n\t\t<div class=\"ct-inline-css\"  data-css=\"\n\t        \">\n\t    <\/div>\n\t\t<div class=\"ct-text-editor elementor-clearfix\"><p><i class=\"flaticon-telephone text-gradient icon-space-right\"><\/i>Ll\u00e1menos: <a href=\"tel:+524423560868\">442.356.08.68<\/a><\/p><\/div>\n\t<\/div>\n<\/div>\t\t<\/div>\n\t\t\t\t<\/div>\n\t\t\t\t<div class=\"elementor-element elementor-element-24c66528 elementor-widget elementor-widget-ct_text_editor\" data-id=\"24c66528\" data-element_type=\"widget\" data-widget_type=\"ct_text_editor.default\">\n\t\t\t\t<div class=\"elementor-widget-container\">\n\t\t\t<div id=\"ct_text_editor-24c66528\" class=\"ct-text-editor \">\n\t<div class=\"ct-item--inner\">\n\t\t<div class=\"ct-inline-css\"  data-css=\"\n\t        \">\n\t    <\/div>\n\t\t<div class=\"ct-text-editor elementor-clearfix\"><p><i class=\"material zmdi zmdi-whatsapp text-gradient icon-space-right\"><\/i>Whatsapp: <a href=\"https:\/\/wa.me\/524423560868\">442.356.08.68<\/a><\/p><\/div>\n\t<\/div>\n<\/div>\t\t<\/div>\n\t\t\t\t<\/div>\n\t\t            <\/div>\n        <\/div>\n                    <\/div>\n        <\/section>\n                    <\/div>\n        <\/div>\n                    <\/div>\n        <\/section>\n        \t\t<\/div>\n\t\t","protected":false},"excerpt":{"rendered":"<p>Licencias de Software: Soluciones Flexibles para Cada Empresa Ofrecemos una amplia gama de licencias de software comercial para empresas de todos los tama\u00f1os. Nuestro cat\u00e1logo incluye soluciones de productividad, gesti\u00f3n de proyectos, dise\u00f1o gr\u00e1fico y seguridad inform\u00e1tica de los principales desarrolladores del mercado. Ofrecemos opciones flexibles de licenciamiento, desde suscripciones mensuales hasta licencias perpetuas, adapt\u00e1ndonos [&hellip;]<\/p>\n","protected":false},"author":1,"featured_media":0,"parent":4704,"menu_order":0,"comment_status":"closed","ping_status":"closed","template":"","meta":{"footnotes":""},"class_list":["post-4696","page","type-page","status-publish","hentry"],"_links":{"self":[{"href":"https:\/\/bcmimprovement.com\/site1\/wp-json\/wp\/v2\/pages\/4696","targetHints":{"allow":["GET"]}}],"collection":[{"href":"https:\/\/bcmimprovement.com\/site1\/wp-json\/wp\/v2\/pages"}],"about":[{"href":"https:\/\/bcmimprovement.com\/site1\/wp-json\/wp\/v2\/types\/page"}],"author":[{"embeddable":true,"href":"https:\/\/bcmimprovement.com\/site1\/wp-json\/wp\/v2\/users\/1"}],"replies":[{"embeddable":true,"href":"https:\/\/bcmimprovement.com\/site1\/wp-json\/wp\/v2\/comments?post=4696"}],"version-history":[{"count":22,"href":"https:\/\/bcmimprovement.com\/site1\/wp-json\/wp\/v2\/pages\/4696\/revisions"}],"predecessor-version":[{"id":24552,"href":"https:\/\/bcmimprovement.com\/site1\/wp-json\/wp\/v2\/pages\/4696\/revisions\/24552"}],"up":[{"embeddable":true,"href":"https:\/\/bcmimprovement.com\/site1\/wp-json\/wp\/v2\/pages\/4704"}],"wp:attachment":[{"href":"https:\/\/bcmimprovement.com\/site1\/wp-json\/wp\/v2\/media?parent=4696"}],"curies":[{"name":"wp","href":"https:\/\/api.w.org\/{rel}","templated":true}]}}