{"id":10763,"date":"2024-10-07T16:24:00","date_gmt":"2024-10-07T16:24:00","guid":{"rendered":"https:\/\/bcmimprovement.com\/site1\/producto\/bobina-intellinet-334136\/"},"modified":"2024-10-07T16:24:00","modified_gmt":"2024-10-07T16:24:00","slug":"bobina-intellinet-334136","status":"publish","type":"product","link":"https:\/\/bcmimprovement.com\/site1\/producto\/bobina-intellinet-334136\/","title":{"rendered":"Bobina INTELLINET 334136"},"content":{"rendered":"<p>334136 Bobina de Cable UTP Cat6 &#8211; S\u00f3lida, 100  cobre, 305m Color Gris, Filamento s\u00f3lido, Conductor 100  cobre, Clasificaci\u00f3n CM.<\/p>\n<p>UPC: 766623334136<\/p>\n<p>Color del producto: Gris<br \/>\nTipo de conductor: Interior<br \/>\nLongitud de cable: 305 m<br \/>\nTipo de cable: Cat6<br \/>\nMaterial del cable: 100% Cobre<\/p>\n","protected":false},"excerpt":{"rendered":"<p><strong>334136 Bobina de Cable UTP Cat6 &#8211; S\u00f3lida, 100  cobre, 305m Color Gris, Filamento s\u00f3lido, Conductor 100  cobre, Clasificaci\u00f3n CM.<\/strong><\/p>\n","protected":false},"featured_media":10764,"comment_status":"closed","ping_status":"open","template":"","meta":[],"product_cat":[101,100],"product_tag":[],"class_list":{"0":"post-10763","1":"product","2":"type-product","3":"status-publish","4":"has-post-thumbnail","6":"product_cat-bobinas","7":"product_cat-cables","9":"first","10":"instock","11":"product-type-simple"},"_links":{"self":[{"href":"https:\/\/bcmimprovement.com\/site1\/wp-json\/wp\/v2\/product\/10763","targetHints":{"allow":["GET"]}}],"collection":[{"href":"https:\/\/bcmimprovement.com\/site1\/wp-json\/wp\/v2\/product"}],"about":[{"href":"https:\/\/bcmimprovement.com\/site1\/wp-json\/wp\/v2\/types\/product"}],"replies":[{"embeddable":true,"href":"https:\/\/bcmimprovement.com\/site1\/wp-json\/wp\/v2\/comments?post=10763"}],"wp:featuredmedia":[{"embeddable":true,"href":"https:\/\/bcmimprovement.com\/site1\/wp-json\/wp\/v2\/media\/10764"}],"wp:attachment":[{"href":"https:\/\/bcmimprovement.com\/site1\/wp-json\/wp\/v2\/media?parent=10763"}],"wp:term":[{"taxonomy":"product_cat","embeddable":true,"href":"https:\/\/bcmimprovement.com\/site1\/wp-json\/wp\/v2\/product_cat?post=10763"},{"taxonomy":"product_tag","embeddable":true,"href":"https:\/\/bcmimprovement.com\/site1\/wp-json\/wp\/v2\/product_tag?post=10763"}],"curies":[{"name":"wp","href":"https:\/\/api.w.org\/{rel}","templated":true}]}}