{"id":11302,"date":"2024-10-07T17:02:54","date_gmt":"2024-10-07T17:02:54","guid":{"rendered":"https:\/\/bcmimprovement.com\/site1\/producto\/caja-universal-plastica-brobotix-051787\/"},"modified":"2024-10-07T17:02:55","modified_gmt":"2024-10-07T17:02:55","slug":"caja-universal-plastica-brobotix-051787","status":"publish","type":"product","link":"https:\/\/bcmimprovement.com\/site1\/producto\/caja-universal-plastica-brobotix-051787\/","title":{"rendered":"Caja Universal Pl\u00e1stica BROBOTIX 051787"},"content":{"rendered":"<p>Caja Universal Pl\u00e1stica BROBOTIX 051787 &#8211; Color blanco, De pl\u00e1stico<\/p>\n<p>Color del producto: Color blanco<br \/>\nMateriales: De pl\u00e1stico<\/p>\n","protected":false},"excerpt":{"rendered":"<p><strong>Caja Universal Pl\u00e1stica BROBOTIX 051787 &#8211; Color blanco, De pl\u00e1stico<\/strong><\/p>\n","protected":false},"featured_media":11303,"comment_status":"closed","ping_status":"open","template":"","meta":[],"product_cat":[100,116],"product_tag":[],"class_list":{"0":"post-11302","1":"product","2":"type-product","3":"status-publish","4":"has-post-thumbnail","6":"product_cat-cables","7":"product_cat-placas-de-pared","9":"first","10":"instock","11":"product-type-simple"},"_links":{"self":[{"href":"https:\/\/bcmimprovement.com\/site1\/wp-json\/wp\/v2\/product\/11302","targetHints":{"allow":["GET"]}}],"collection":[{"href":"https:\/\/bcmimprovement.com\/site1\/wp-json\/wp\/v2\/product"}],"about":[{"href":"https:\/\/bcmimprovement.com\/site1\/wp-json\/wp\/v2\/types\/product"}],"replies":[{"embeddable":true,"href":"https:\/\/bcmimprovement.com\/site1\/wp-json\/wp\/v2\/comments?post=11302"}],"wp:featuredmedia":[{"embeddable":true,"href":"https:\/\/bcmimprovement.com\/site1\/wp-json\/wp\/v2\/media\/11303"}],"wp:attachment":[{"href":"https:\/\/bcmimprovement.com\/site1\/wp-json\/wp\/v2\/media?parent=11302"}],"wp:term":[{"taxonomy":"product_cat","embeddable":true,"href":"https:\/\/bcmimprovement.com\/site1\/wp-json\/wp\/v2\/product_cat?post=11302"},{"taxonomy":"product_tag","embeddable":true,"href":"https:\/\/bcmimprovement.com\/site1\/wp-json\/wp\/v2\/product_tag?post=11302"}],"curies":[{"name":"wp","href":"https:\/\/api.w.org\/{rel}","templated":true}]}}