{"id":13025,"date":"2024-10-07T19:01:18","date_gmt":"2024-10-07T19:01:18","guid":{"rendered":"https:\/\/bcmimprovement.com\/site1\/producto\/laptops-acer-tmp216-51-51na\/"},"modified":"2024-10-07T19:01:18","modified_gmt":"2024-10-07T19:01:18","slug":"laptops-acer-tmp216-51-51na","status":"publish","type":"product","link":"https:\/\/bcmimprovement.com\/site1\/producto\/laptops-acer-tmp216-51-51na\/","title":{"rendered":"Laptops ACER TMP216-51-51NA"},"content":{"rendered":"<p>LAPTOP ACER TRAVELMATE P2 CORE I5-1335U; 16 WUXGA IPS; 8 GB RAM; 512GB; FINGERPRINT; WIN 11 PRO;  1 a\u00f1o de garant\u00eda + 1 a\u00f1o contra Robo; GRIS ACERO &#8211;<\/p>\n<p>UPC: 195133232470EAN: 4711121874697<\/p>\n<p>Memoria interna: 8 GB<br \/>\nFamilia de procesador: Intel Core i5<br \/>\nCapacidad de disco duro: 512 GB SSD<br \/>\nDiagonal de la pantalla: 16 pulgadas<br \/>\nSistema operativo instalado: Windows 11 Pro<br \/>\nModelo del procesador: i5-1335U<\/p>\n","protected":false},"excerpt":{"rendered":"<p><strong>LAPTOP ACER TRAVELMATE P2 CORE I5-1335U; 16 WUXGA IPS; 8 GB RAM; 512GB; FINGERPRINT; WIN 11 PRO;  1 a\u00f1o de garant\u00eda + 1 a\u00f1o contra Robo; GRIS ACERO &#8211;<\/strong><\/p>\n","protected":false},"featured_media":13026,"comment_status":"closed","ping_status":"open","template":"","meta":[],"product_cat":[39,40],"product_tag":[],"class_list":{"0":"post-13025","1":"product","2":"type-product","3":"status-publish","4":"has-post-thumbnail","6":"product_cat-computadoras","7":"product_cat-laptops","9":"first","10":"instock","11":"product-type-simple"},"_links":{"self":[{"href":"https:\/\/bcmimprovement.com\/site1\/wp-json\/wp\/v2\/product\/13025","targetHints":{"allow":["GET"]}}],"collection":[{"href":"https:\/\/bcmimprovement.com\/site1\/wp-json\/wp\/v2\/product"}],"about":[{"href":"https:\/\/bcmimprovement.com\/site1\/wp-json\/wp\/v2\/types\/product"}],"replies":[{"embeddable":true,"href":"https:\/\/bcmimprovement.com\/site1\/wp-json\/wp\/v2\/comments?post=13025"}],"wp:featuredmedia":[{"embeddable":true,"href":"https:\/\/bcmimprovement.com\/site1\/wp-json\/wp\/v2\/media\/13026"}],"wp:attachment":[{"href":"https:\/\/bcmimprovement.com\/site1\/wp-json\/wp\/v2\/media?parent=13025"}],"wp:term":[{"taxonomy":"product_cat","embeddable":true,"href":"https:\/\/bcmimprovement.com\/site1\/wp-json\/wp\/v2\/product_cat?post=13025"},{"taxonomy":"product_tag","embeddable":true,"href":"https:\/\/bcmimprovement.com\/site1\/wp-json\/wp\/v2\/product_tag?post=13025"}],"curies":[{"name":"wp","href":"https:\/\/api.w.org\/{rel}","templated":true}]}}