{"id":15531,"date":"2024-10-09T18:23:36","date_gmt":"2024-10-09T18:23:36","guid":{"rendered":"https:\/\/bcmimprovement.com\/site1\/producto\/unidad-de-imagen-lexmark-54g0p00\/"},"modified":"2024-10-09T18:23:37","modified_gmt":"2024-10-09T18:23:37","slug":"unidad-de-imagen-lexmark-54g0p00","status":"publish","type":"product","link":"https:\/\/bcmimprovement.com\/site1\/producto\/unidad-de-imagen-lexmark-54g0p00\/","title":{"rendered":"Unidad de Im\u00e1gen LEXMARK 54G0P00"},"content":{"rendered":"<p>Unidad de Im\u00e1gen LEXMARK 54G0P00 &#8211; Lexmark, Negro, Unidad de im\u00e1gen<\/p>\n<p>UPC: 734646534642<\/p>\n<p>Colores de impresi\u00f3n: Negro<br \/>\nMarca compatible: Lexmark<br \/>\nTipo: Unidad de im\u00e1gen<\/p>\n","protected":false},"excerpt":{"rendered":"<p><strong>Unidad de Im\u00e1gen LEXMARK 54G0P00 &#8211; Lexmark, Negro, Unidad de im\u00e1gen<\/strong><\/p>\n","protected":false},"featured_media":15532,"comment_status":"closed","ping_status":"open","template":"","meta":[],"product_cat":[126,133],"product_tag":[],"class_list":{"0":"post-15531","1":"product","2":"type-product","3":"status-publish","4":"has-post-thumbnail","6":"product_cat-consumibles","7":"product_cat-unidad-de-imagen","9":"first","10":"instock","11":"product-type-simple"},"_links":{"self":[{"href":"https:\/\/bcmimprovement.com\/site1\/wp-json\/wp\/v2\/product\/15531","targetHints":{"allow":["GET"]}}],"collection":[{"href":"https:\/\/bcmimprovement.com\/site1\/wp-json\/wp\/v2\/product"}],"about":[{"href":"https:\/\/bcmimprovement.com\/site1\/wp-json\/wp\/v2\/types\/product"}],"replies":[{"embeddable":true,"href":"https:\/\/bcmimprovement.com\/site1\/wp-json\/wp\/v2\/comments?post=15531"}],"wp:featuredmedia":[{"embeddable":true,"href":"https:\/\/bcmimprovement.com\/site1\/wp-json\/wp\/v2\/media\/15532"}],"wp:attachment":[{"href":"https:\/\/bcmimprovement.com\/site1\/wp-json\/wp\/v2\/media?parent=15531"}],"wp:term":[{"taxonomy":"product_cat","embeddable":true,"href":"https:\/\/bcmimprovement.com\/site1\/wp-json\/wp\/v2\/product_cat?post=15531"},{"taxonomy":"product_tag","embeddable":true,"href":"https:\/\/bcmimprovement.com\/site1\/wp-json\/wp\/v2\/product_tag?post=15531"}],"curies":[{"name":"wp","href":"https:\/\/api.w.org\/{rel}","templated":true}]}}