{"id":15533,"date":"2024-10-09T18:23:36","date_gmt":"2024-10-09T18:23:36","guid":{"rendered":"https:\/\/bcmimprovement.com\/site1\/producto\/cabezal-de-impresion-de-reemplazo-zebra-p1058930-012\/"},"modified":"2024-10-09T18:23:38","modified_gmt":"2024-10-09T18:23:38","slug":"cabezal-de-impresion-de-reemplazo-zebra-p1058930-012","status":"publish","type":"product","link":"https:\/\/bcmimprovement.com\/site1\/producto\/cabezal-de-impresion-de-reemplazo-zebra-p1058930-012\/","title":{"rendered":"CABEZAL DE IMPRESION DE REEMPLAZO ZEBRA P1058930-012"},"content":{"rendered":"<p>ZEBRA CABEZAL DE IMPRESI\u00d3N ZT420 203 DPI &#8211;<\/p>\n<p>Tecnolog\u00eda de impresi\u00f3n: Transferencia t\u00e9rmica<br \/>\nMarca compatible: Zebra<\/p>\n","protected":false},"excerpt":{"rendered":"<p><strong>ZEBRA CABEZAL DE IMPRESI\u00d3N ZT420 203 DPI &#8211;<\/strong><\/p>\n","protected":false},"featured_media":15534,"comment_status":"closed","ping_status":"open","template":"","meta":[],"product_cat":[132,126],"product_tag":[],"class_list":{"0":"post-15533","1":"product","2":"type-product","3":"status-publish","4":"has-post-thumbnail","6":"product_cat-cabezales","7":"product_cat-consumibles","9":"first","10":"instock","11":"product-type-simple"},"_links":{"self":[{"href":"https:\/\/bcmimprovement.com\/site1\/wp-json\/wp\/v2\/product\/15533","targetHints":{"allow":["GET"]}}],"collection":[{"href":"https:\/\/bcmimprovement.com\/site1\/wp-json\/wp\/v2\/product"}],"about":[{"href":"https:\/\/bcmimprovement.com\/site1\/wp-json\/wp\/v2\/types\/product"}],"replies":[{"embeddable":true,"href":"https:\/\/bcmimprovement.com\/site1\/wp-json\/wp\/v2\/comments?post=15533"}],"wp:featuredmedia":[{"embeddable":true,"href":"https:\/\/bcmimprovement.com\/site1\/wp-json\/wp\/v2\/media\/15534"}],"wp:attachment":[{"href":"https:\/\/bcmimprovement.com\/site1\/wp-json\/wp\/v2\/media?parent=15533"}],"wp:term":[{"taxonomy":"product_cat","embeddable":true,"href":"https:\/\/bcmimprovement.com\/site1\/wp-json\/wp\/v2\/product_cat?post=15533"},{"taxonomy":"product_tag","embeddable":true,"href":"https:\/\/bcmimprovement.com\/site1\/wp-json\/wp\/v2\/product_tag?post=15533"}],"curies":[{"name":"wp","href":"https:\/\/api.w.org\/{rel}","templated":true}]}}