{"id":15969,"date":"2024-10-09T18:33:07","date_gmt":"2024-10-09T18:33:07","guid":{"rendered":"https:\/\/bcmimprovement.com\/site1\/producto\/toner-canon-gpr-52-2\/"},"modified":"2024-10-09T18:33:11","modified_gmt":"2024-10-09T18:33:11","slug":"toner-canon-gpr-52-2","status":"publish","type":"product","link":"https:\/\/bcmimprovement.com\/site1\/producto\/toner-canon-gpr-52-2\/","title":{"rendered":"T\u00f3ner CANON GPR-52"},"content":{"rendered":"<p>T\u00f3ner. Canon GPR-52 CIAN. Aproximadamente 16.500 p\u00e1ginas de rendimiento &#8211;<\/p>\n<p>UPC: 013803244854<\/p>\n","protected":false},"excerpt":{"rendered":"<p><strong>T\u00f3ner. Canon GPR-52 CIAN. Aproximadamente 16.500 p\u00e1ginas de rendimiento &#8211;<\/strong><\/p>\n","protected":false},"featured_media":15970,"comment_status":"closed","ping_status":"open","template":"","meta":[],"product_cat":[126,127],"product_tag":[],"class_list":{"0":"post-15969","1":"product","2":"type-product","3":"status-publish","4":"has-post-thumbnail","6":"product_cat-consumibles","7":"product_cat-toners","9":"first","10":"instock","11":"product-type-simple"},"_links":{"self":[{"href":"https:\/\/bcmimprovement.com\/site1\/wp-json\/wp\/v2\/product\/15969","targetHints":{"allow":["GET"]}}],"collection":[{"href":"https:\/\/bcmimprovement.com\/site1\/wp-json\/wp\/v2\/product"}],"about":[{"href":"https:\/\/bcmimprovement.com\/site1\/wp-json\/wp\/v2\/types\/product"}],"replies":[{"embeddable":true,"href":"https:\/\/bcmimprovement.com\/site1\/wp-json\/wp\/v2\/comments?post=15969"}],"wp:featuredmedia":[{"embeddable":true,"href":"https:\/\/bcmimprovement.com\/site1\/wp-json\/wp\/v2\/media\/15970"}],"wp:attachment":[{"href":"https:\/\/bcmimprovement.com\/site1\/wp-json\/wp\/v2\/media?parent=15969"}],"wp:term":[{"taxonomy":"product_cat","embeddable":true,"href":"https:\/\/bcmimprovement.com\/site1\/wp-json\/wp\/v2\/product_cat?post=15969"},{"taxonomy":"product_tag","embeddable":true,"href":"https:\/\/bcmimprovement.com\/site1\/wp-json\/wp\/v2\/product_tag?post=15969"}],"curies":[{"name":"wp","href":"https:\/\/api.w.org\/{rel}","templated":true}]}}