{"id":20416,"date":"2024-10-10T23:42:51","date_gmt":"2024-10-10T23:42:51","guid":{"rendered":"https:\/\/bcmimprovement.com\/site1\/producto\/kit-wifi-mercusys-halo-h80x2-pack\/"},"modified":"2024-10-10T23:43:00","modified_gmt":"2024-10-10T23:43:00","slug":"kit-wifi-mercusys-halo-h80x2-pack","status":"publish","type":"product","link":"https:\/\/bcmimprovement.com\/site1\/producto\/kit-wifi-mercusys-halo-h80x2-pack\/","title":{"rendered":"Kit Wifi MERCUSYS Halo H80X(2-pack)"},"content":{"rendered":"<p>SIST. WIFI 6 MESH AX3000 HALO H80X(2-PACK) CON PUERTOS GIGABIT &#8211; F\u00c1CIL ADMINISTRACI\u00d3N Y CONFIGURACI\u00d3N POR APLICACI\u00d3N<\/p>\n<p>UPC: 849439000690<\/p>\n","protected":false},"excerpt":{"rendered":"<p><strong>SIST. WIFI 6 MESH AX3000 HALO H80X(2-PACK) CON PUERTOS GIGABIT &#8211; F\u00c1CIL ADMINISTRACI\u00d3N Y CONFIGURACI\u00d3N POR APLICACI\u00d3N<\/strong><\/p>\n","protected":false},"featured_media":20417,"comment_status":"closed","ping_status":"open","template":"","meta":[],"product_cat":[166,163],"product_tag":[],"class_list":{"0":"post-20416","1":"product","2":"type-product","3":"status-publish","4":"has-post-thumbnail","6":"product_cat-extensores-de-red","7":"product_cat-red-activa","9":"first","10":"instock","11":"product-type-simple"},"_links":{"self":[{"href":"https:\/\/bcmimprovement.com\/site1\/wp-json\/wp\/v2\/product\/20416","targetHints":{"allow":["GET"]}}],"collection":[{"href":"https:\/\/bcmimprovement.com\/site1\/wp-json\/wp\/v2\/product"}],"about":[{"href":"https:\/\/bcmimprovement.com\/site1\/wp-json\/wp\/v2\/types\/product"}],"replies":[{"embeddable":true,"href":"https:\/\/bcmimprovement.com\/site1\/wp-json\/wp\/v2\/comments?post=20416"}],"wp:featuredmedia":[{"embeddable":true,"href":"https:\/\/bcmimprovement.com\/site1\/wp-json\/wp\/v2\/media\/20417"}],"wp:attachment":[{"href":"https:\/\/bcmimprovement.com\/site1\/wp-json\/wp\/v2\/media?parent=20416"}],"wp:term":[{"taxonomy":"product_cat","embeddable":true,"href":"https:\/\/bcmimprovement.com\/site1\/wp-json\/wp\/v2\/product_cat?post=20416"},{"taxonomy":"product_tag","embeddable":true,"href":"https:\/\/bcmimprovement.com\/site1\/wp-json\/wp\/v2\/product_tag?post=20416"}],"curies":[{"name":"wp","href":"https:\/\/api.w.org\/{rel}","templated":true}]}}