{"id":22787,"date":"2024-10-11T16:39:14","date_gmt":"2024-10-11T16:39:14","guid":{"rendered":"https:\/\/bcmimprovement.com\/site1\/producto\/pantalla-samsung-hg43au800nfxza\/"},"modified":"2024-10-11T16:39:40","modified_gmt":"2024-10-11T16:39:40","slug":"pantalla-samsung-hg43au800nfxza","status":"publish","type":"product","link":"https:\/\/bcmimprovement.com\/site1\/producto\/pantalla-samsung-hg43au800nfxza\/","title":{"rendered":"Pantalla SAMSUNG HG43AU800NFXZA"},"content":{"rendered":"<p>Pantalla Hotelera Smart modelo HG43AU800NFXZA &#8211; Tecnolog\u00eda LED, Tama\u00f1o de pantalla 43 pulgadas; Resoluci\u00f3n 3840 X 2160 (4K UHD)<\/p>\n<p>UPC: 887276639130EAN: 8806094221916<\/p>\n","protected":false},"excerpt":{"rendered":"<p><strong>Pantalla Hotelera Smart modelo HG43AU800NFXZA &#8211; Tecnolog\u00eda LED, Tama\u00f1o de pantalla 43 pulgadas; Resoluci\u00f3n 3840 X 2160 (4K UHD)<\/strong><\/p>\n","protected":false},"featured_media":22788,"comment_status":"closed","ping_status":"open","template":"","meta":[],"product_cat":[178,175],"product_tag":[],"class_list":{"0":"post-22787","1":"product","2":"type-product","3":"status-publish","4":"has-post-thumbnail","6":"product_cat-pantallas-profesionales","7":"product_cat-senalizacion-digital","9":"first","10":"instock","11":"product-type-simple"},"_links":{"self":[{"href":"https:\/\/bcmimprovement.com\/site1\/wp-json\/wp\/v2\/product\/22787","targetHints":{"allow":["GET"]}}],"collection":[{"href":"https:\/\/bcmimprovement.com\/site1\/wp-json\/wp\/v2\/product"}],"about":[{"href":"https:\/\/bcmimprovement.com\/site1\/wp-json\/wp\/v2\/types\/product"}],"replies":[{"embeddable":true,"href":"https:\/\/bcmimprovement.com\/site1\/wp-json\/wp\/v2\/comments?post=22787"}],"wp:featuredmedia":[{"embeddable":true,"href":"https:\/\/bcmimprovement.com\/site1\/wp-json\/wp\/v2\/media\/22788"}],"wp:attachment":[{"href":"https:\/\/bcmimprovement.com\/site1\/wp-json\/wp\/v2\/media?parent=22787"}],"wp:term":[{"taxonomy":"product_cat","embeddable":true,"href":"https:\/\/bcmimprovement.com\/site1\/wp-json\/wp\/v2\/product_cat?post=22787"},{"taxonomy":"product_tag","embeddable":true,"href":"https:\/\/bcmimprovement.com\/site1\/wp-json\/wp\/v2\/product_tag?post=22787"}],"curies":[{"name":"wp","href":"https:\/\/api.w.org\/{rel}","templated":true}]}}