{"id":24020,"date":"2024-10-11T18:05:39","date_gmt":"2024-10-11T18:05:39","guid":{"rendered":"https:\/\/bcmimprovement.com\/site1\/producto\/nvr-provision-isr-nvr5-8200pxnmm\/"},"modified":"2024-10-11T18:06:10","modified_gmt":"2024-10-11T18:06:10","slug":"nvr-provision-isr-nvr5-8200pxnmm","status":"publish","type":"product","link":"https:\/\/bcmimprovement.com\/site1\/producto\/nvr-provision-isr-nvr5-8200pxnmm\/","title":{"rendered":"NVR PROVISION-ISR NVR5-8200PXN(MM)"},"content":{"rendered":"<p>NVR de 8 canales PoE &#8211; soporta c\u00e1maras IP de hasta 5 MP, HDD 6 TB, HDMI, anal\u00edticos b\u00e1sicos<\/p>\n<p>EAN: 0611355707188<\/p>\n<p>Color del producto: Negro<br \/>\nCapacidad m\u00e1xima de almacenaje: 6000 GB<br \/>\nCanales de entrada de v\u00eddeo: 8<br \/>\nM\u00e1xima resoluci\u00f3n: 2592 x 1944 Pixeles<\/p>\n","protected":false},"excerpt":{"rendered":"<p><strong>NVR de 8 canales PoE &#8211; soporta c\u00e1maras IP de hasta 5 MP, HDD 6 TB, HDMI, anal\u00edticos b\u00e1sicos<\/strong><\/p>\n","protected":false},"featured_media":24021,"comment_status":"closed","ping_status":"open","template":"","meta":[],"product_cat":[203,195],"product_tag":[],"class_list":{"0":"post-24020","1":"product","2":"type-product","3":"status-publish","4":"has-post-thumbnail","6":"product_cat-grabadores-digitales-nvr","7":"product_cat-video-vigilancia","9":"first","10":"instock","11":"product-type-simple"},"_links":{"self":[{"href":"https:\/\/bcmimprovement.com\/site1\/wp-json\/wp\/v2\/product\/24020","targetHints":{"allow":["GET"]}}],"collection":[{"href":"https:\/\/bcmimprovement.com\/site1\/wp-json\/wp\/v2\/product"}],"about":[{"href":"https:\/\/bcmimprovement.com\/site1\/wp-json\/wp\/v2\/types\/product"}],"replies":[{"embeddable":true,"href":"https:\/\/bcmimprovement.com\/site1\/wp-json\/wp\/v2\/comments?post=24020"}],"wp:featuredmedia":[{"embeddable":true,"href":"https:\/\/bcmimprovement.com\/site1\/wp-json\/wp\/v2\/media\/24021"}],"wp:attachment":[{"href":"https:\/\/bcmimprovement.com\/site1\/wp-json\/wp\/v2\/media?parent=24020"}],"wp:term":[{"taxonomy":"product_cat","embeddable":true,"href":"https:\/\/bcmimprovement.com\/site1\/wp-json\/wp\/v2\/product_cat?post=24020"},{"taxonomy":"product_tag","embeddable":true,"href":"https:\/\/bcmimprovement.com\/site1\/wp-json\/wp\/v2\/product_tag?post=24020"}],"curies":[{"name":"wp","href":"https:\/\/api.w.org\/{rel}","templated":true}]}}