{"id":24030,"date":"2024-10-11T18:05:39","date_gmt":"2024-10-11T18:05:39","guid":{"rendered":"https:\/\/bcmimprovement.com\/site1\/producto\/fuente-de-alimentacion-hikvision-plk-24-ac-8a\/"},"modified":"2024-10-11T18:06:17","modified_gmt":"2024-10-11T18:06:17","slug":"fuente-de-alimentacion-hikvision-plk-24-ac-8a","status":"publish","type":"product","link":"https:\/\/bcmimprovement.com\/site1\/producto\/fuente-de-alimentacion-hikvision-plk-24-ac-8a\/","title":{"rendered":"Fuente de alimentaci\u00f3n HIKVISION PLK-24-AC-8A"},"content":{"rendered":"<p>Fuente de alimentaci\u00f3n HIKVISION PLK-24-AC-8A &#8211;<\/p>\n<p>Colocaci\u00f3n soportada: Interior<br \/>\nColor del producto: Blanco<br \/>\nN\u00famero m\u00e1ximo de c\u00e1maras soportadas: 8<br \/>\nVoltaje de entrada: 96 &#8211; 264 V<br \/>\nVoltaje de salida: 21 &#8211; 28 V<\/p>\n","protected":false},"excerpt":{"rendered":"<p><strong>Fuente de alimentaci\u00f3n HIKVISION PLK-24-AC-8A &#8211;<\/strong><\/p>\n","protected":false},"featured_media":24031,"comment_status":"closed","ping_status":"open","template":"","meta":[],"product_cat":[198,195],"product_tag":[],"class_list":{"0":"post-24030","1":"product","2":"type-product","3":"status-publish","4":"has-post-thumbnail","6":"product_cat-fuentes-de-poder-para-videovigilancia","7":"product_cat-video-vigilancia","9":"first","10":"instock","11":"product-type-simple"},"_links":{"self":[{"href":"https:\/\/bcmimprovement.com\/site1\/wp-json\/wp\/v2\/product\/24030","targetHints":{"allow":["GET"]}}],"collection":[{"href":"https:\/\/bcmimprovement.com\/site1\/wp-json\/wp\/v2\/product"}],"about":[{"href":"https:\/\/bcmimprovement.com\/site1\/wp-json\/wp\/v2\/types\/product"}],"replies":[{"embeddable":true,"href":"https:\/\/bcmimprovement.com\/site1\/wp-json\/wp\/v2\/comments?post=24030"}],"wp:featuredmedia":[{"embeddable":true,"href":"https:\/\/bcmimprovement.com\/site1\/wp-json\/wp\/v2\/media\/24031"}],"wp:attachment":[{"href":"https:\/\/bcmimprovement.com\/site1\/wp-json\/wp\/v2\/media?parent=24030"}],"wp:term":[{"taxonomy":"product_cat","embeddable":true,"href":"https:\/\/bcmimprovement.com\/site1\/wp-json\/wp\/v2\/product_cat?post=24030"},{"taxonomy":"product_tag","embeddable":true,"href":"https:\/\/bcmimprovement.com\/site1\/wp-json\/wp\/v2\/product_tag?post=24030"}],"curies":[{"name":"wp","href":"https:\/\/api.w.org\/{rel}","templated":true}]}}