{"id":24043,"date":"2024-10-11T18:34:34","date_gmt":"2024-10-11T18:34:34","guid":{"rendered":"https:\/\/bcmimprovement.com\/site1\/producto\/camara-panoramica-hikvision-mini-panovu\/"},"modified":"2024-10-11T18:34:42","modified_gmt":"2024-10-11T18:34:42","slug":"camara-panoramica-hikvision-mini-panovu","status":"publish","type":"product","link":"https:\/\/bcmimprovement.com\/site1\/producto\/camara-panoramica-hikvision-mini-panovu\/","title":{"rendered":"C\u00e1mara Panor\u00e1mica HIKVISION Mini Panovu"},"content":{"rendered":"<p>C\u00e1mara Panor\u00e1mica HIKVISION Mini Panovu &#8211;<\/p>\n<p>M\u00e1xima resoluci\u00f3n: 1920 x 1080 Pixeles<br \/>\nTipo de montaje: Techo<br \/>\nColocaci\u00f3n soportada: Interior y exterior<br \/>\nMegapixeles: 2 MP<br \/>\nFormato de v\u00eddeo soportado: 720p,1080p<\/p>\n","protected":false},"excerpt":{"rendered":"<p><strong>C\u00e1mara Panor\u00e1mica HIKVISION Mini Panovu &#8211;<\/strong><\/p>\n","protected":false},"featured_media":24044,"comment_status":"closed","ping_status":"open","template":"","meta":[],"product_cat":[209,195],"product_tag":[],"class_list":{"0":"post-24043","1":"product","2":"type-product","3":"status-publish","4":"has-post-thumbnail","6":"product_cat-camara-domo-ip","7":"product_cat-video-vigilancia","9":"first","10":"instock","11":"product-type-simple"},"_links":{"self":[{"href":"https:\/\/bcmimprovement.com\/site1\/wp-json\/wp\/v2\/product\/24043","targetHints":{"allow":["GET"]}}],"collection":[{"href":"https:\/\/bcmimprovement.com\/site1\/wp-json\/wp\/v2\/product"}],"about":[{"href":"https:\/\/bcmimprovement.com\/site1\/wp-json\/wp\/v2\/types\/product"}],"replies":[{"embeddable":true,"href":"https:\/\/bcmimprovement.com\/site1\/wp-json\/wp\/v2\/comments?post=24043"}],"wp:featuredmedia":[{"embeddable":true,"href":"https:\/\/bcmimprovement.com\/site1\/wp-json\/wp\/v2\/media\/24044"}],"wp:attachment":[{"href":"https:\/\/bcmimprovement.com\/site1\/wp-json\/wp\/v2\/media?parent=24043"}],"wp:term":[{"taxonomy":"product_cat","embeddable":true,"href":"https:\/\/bcmimprovement.com\/site1\/wp-json\/wp\/v2\/product_cat?post=24043"},{"taxonomy":"product_tag","embeddable":true,"href":"https:\/\/bcmimprovement.com\/site1\/wp-json\/wp\/v2\/product_tag?post=24043"}],"curies":[{"name":"wp","href":"https:\/\/api.w.org\/{rel}","templated":true}]}}