{"id":24077,"date":"2024-10-11T18:35:02","date_gmt":"2024-10-11T18:35:02","guid":{"rendered":"https:\/\/bcmimprovement.com\/site1\/producto\/fuente-de-poder-regulada-en-gabinete-saxxon-psu1210d9\/"},"modified":"2024-10-11T18:35:11","modified_gmt":"2024-10-11T18:35:11","slug":"fuente-de-poder-regulada-en-gabinete-saxxon-psu1210d9","status":"publish","type":"product","link":"https:\/\/bcmimprovement.com\/site1\/producto\/fuente-de-poder-regulada-en-gabinete-saxxon-psu1210d9\/","title":{"rendered":"Fuente de Poder Regulada en Gabinete SAXXON PSU1210D9"},"content":{"rendered":"<p>Fuente de Poder Regulada en Gabinete SAXXON PSU1210D9 &#8211;<\/p>\n<p>Color del producto: Gris<br \/>\nColocaci\u00f3n soportada: Interior<br \/>\nVoltaje de salida: 12V<br \/>\nN\u00famero m\u00e1ximo de c\u00e1maras soportadas: 9<br \/>\nVoltaje de entrada: 100 &#8211; 240 V<\/p>\n","protected":false},"excerpt":{"rendered":"<p><strong>Fuente de Poder Regulada en Gabinete SAXXON PSU1210D9 &#8211;<\/strong><\/p>\n","protected":false},"featured_media":24078,"comment_status":"closed","ping_status":"open","template":"","meta":[],"product_cat":[198,195],"product_tag":[],"class_list":{"0":"post-24077","1":"product","2":"type-product","3":"status-publish","4":"has-post-thumbnail","6":"product_cat-fuentes-de-poder-para-videovigilancia","7":"product_cat-video-vigilancia","9":"first","10":"instock","11":"product-type-simple"},"_links":{"self":[{"href":"https:\/\/bcmimprovement.com\/site1\/wp-json\/wp\/v2\/product\/24077","targetHints":{"allow":["GET"]}}],"collection":[{"href":"https:\/\/bcmimprovement.com\/site1\/wp-json\/wp\/v2\/product"}],"about":[{"href":"https:\/\/bcmimprovement.com\/site1\/wp-json\/wp\/v2\/types\/product"}],"replies":[{"embeddable":true,"href":"https:\/\/bcmimprovement.com\/site1\/wp-json\/wp\/v2\/comments?post=24077"}],"wp:featuredmedia":[{"embeddable":true,"href":"https:\/\/bcmimprovement.com\/site1\/wp-json\/wp\/v2\/media\/24078"}],"wp:attachment":[{"href":"https:\/\/bcmimprovement.com\/site1\/wp-json\/wp\/v2\/media?parent=24077"}],"wp:term":[{"taxonomy":"product_cat","embeddable":true,"href":"https:\/\/bcmimprovement.com\/site1\/wp-json\/wp\/v2\/product_cat?post=24077"},{"taxonomy":"product_tag","embeddable":true,"href":"https:\/\/bcmimprovement.com\/site1\/wp-json\/wp\/v2\/product_tag?post=24077"}],"curies":[{"name":"wp","href":"https:\/\/api.w.org\/{rel}","templated":true}]}}