{"id":24079,"date":"2024-10-11T18:35:02","date_gmt":"2024-10-11T18:35:02","guid":{"rendered":"https:\/\/bcmimprovement.com\/site1\/producto\/camara-inalambrica-dia-noche-tp-link-tapo-c100\/"},"modified":"2024-10-11T18:35:12","modified_gmt":"2024-10-11T18:35:12","slug":"camara-inalambrica-dia-noche-tp-link-tapo-c100","status":"publish","type":"product","link":"https:\/\/bcmimprovement.com\/site1\/producto\/camara-inalambrica-dia-noche-tp-link-tapo-c100\/","title":{"rendered":"C\u00e1mara Inal\u00e1mbrica D\u00eda\/Noche TP-LINK Tapo C100"},"content":{"rendered":"<p>C\u00e1mara Inal\u00e1mbrica D\u00eda\/Noche TP-LINK Tapo C100 &#8211; Interior, Inal\u00e1mbrico, 1920 x 1080 Pixeles, 2 MP<\/p>\n<p>UPC: 840030700507<\/p>\n<p>Tecnolog\u00eda de conectividad: Inal\u00e1mbrico<br \/>\nM\u00e1xima resoluci\u00f3n: 1920 x 1080 Pixeles<br \/>\nColocaci\u00f3n soportada: Interior<br \/>\nTotal de megapixeles: 2 MP<\/p>\n","protected":false},"excerpt":{"rendered":"<p><strong>C\u00e1mara Inal\u00e1mbrica D\u00eda\/Noche TP-LINK Tapo C100 &#8211; Interior, Inal\u00e1mbrico, 1920 x 1080 Pixeles, 2 MP<\/strong><\/p>\n","protected":false},"featured_media":24080,"comment_status":"closed","ping_status":"open","template":"","meta":[],"product_cat":[204,195],"product_tag":[],"class_list":{"0":"post-24079","1":"product","2":"type-product","3":"status-publish","4":"has-post-thumbnail","6":"product_cat-camara-wifi","7":"product_cat-video-vigilancia","9":"first","10":"instock","11":"product-type-simple"},"_links":{"self":[{"href":"https:\/\/bcmimprovement.com\/site1\/wp-json\/wp\/v2\/product\/24079","targetHints":{"allow":["GET"]}}],"collection":[{"href":"https:\/\/bcmimprovement.com\/site1\/wp-json\/wp\/v2\/product"}],"about":[{"href":"https:\/\/bcmimprovement.com\/site1\/wp-json\/wp\/v2\/types\/product"}],"replies":[{"embeddable":true,"href":"https:\/\/bcmimprovement.com\/site1\/wp-json\/wp\/v2\/comments?post=24079"}],"wp:featuredmedia":[{"embeddable":true,"href":"https:\/\/bcmimprovement.com\/site1\/wp-json\/wp\/v2\/media\/24080"}],"wp:attachment":[{"href":"https:\/\/bcmimprovement.com\/site1\/wp-json\/wp\/v2\/media?parent=24079"}],"wp:term":[{"taxonomy":"product_cat","embeddable":true,"href":"https:\/\/bcmimprovement.com\/site1\/wp-json\/wp\/v2\/product_cat?post=24079"},{"taxonomy":"product_tag","embeddable":true,"href":"https:\/\/bcmimprovement.com\/site1\/wp-json\/wp\/v2\/product_tag?post=24079"}],"curies":[{"name":"wp","href":"https:\/\/api.w.org\/{rel}","templated":true}]}}