{"id":24353,"date":"2024-10-11T19:20:02","date_gmt":"2024-10-11T19:20:02","guid":{"rendered":"https:\/\/bcmimprovement.com\/site1\/producto\/camara-bala-turbohd-2-megapixel-hikvision-thc-b120-ms\/"},"modified":"2024-10-11T19:21:20","modified_gmt":"2024-10-11T19:21:20","slug":"camara-bala-turbohd-2-megapixel-hikvision-thc-b120-ms","status":"publish","type":"product","link":"https:\/\/bcmimprovement.com\/site1\/producto\/camara-bala-turbohd-2-megapixel-hikvision-thc-b120-ms\/","title":{"rendered":"C\u00e1mara Bala TURBOHD 2 Megap\u00edxel HIKVISION THC-B120-MS"},"content":{"rendered":"<p>Bala TURBOHD 2 Megap\u00edxel \/ Gran Angular 106\u00b0 \/ Lente 2.8 mm \/ Audio por Coaxitron \/ 30 mts IR EXIR \/ IP66 &#8211;<\/p>\n<p>EAN: 6941264013174<\/p>\n<p>M\u00e1xima resoluci\u00f3n: 1920 x 1080 Pixeles<br \/>\nColocaci\u00f3n soportada: Exterior<br \/>\nMaterial de la carcasa: Metal<br \/>\nTotal de megapixeles: 2 MP<\/p>\n","protected":false},"excerpt":{"rendered":"<p><strong>Bala TURBOHD 2 Megap\u00edxel \/ Gran Angular 106\u00b0 \/ Lente 2.8 mm \/ Audio por Coaxitron \/ 30 mts IR EXIR \/ IP66 &#8211;<\/strong><\/p>\n","protected":false},"featured_media":24354,"comment_status":"closed","ping_status":"open","template":"","meta":[],"product_cat":[201,195],"product_tag":[],"class_list":{"0":"post-24353","1":"product","2":"type-product","3":"status-publish","4":"has-post-thumbnail","6":"product_cat-camara-bala-analoga","7":"product_cat-video-vigilancia","9":"first","10":"instock","11":"product-type-simple"},"_links":{"self":[{"href":"https:\/\/bcmimprovement.com\/site1\/wp-json\/wp\/v2\/product\/24353","targetHints":{"allow":["GET"]}}],"collection":[{"href":"https:\/\/bcmimprovement.com\/site1\/wp-json\/wp\/v2\/product"}],"about":[{"href":"https:\/\/bcmimprovement.com\/site1\/wp-json\/wp\/v2\/types\/product"}],"replies":[{"embeddable":true,"href":"https:\/\/bcmimprovement.com\/site1\/wp-json\/wp\/v2\/comments?post=24353"}],"wp:featuredmedia":[{"embeddable":true,"href":"https:\/\/bcmimprovement.com\/site1\/wp-json\/wp\/v2\/media\/24354"}],"wp:attachment":[{"href":"https:\/\/bcmimprovement.com\/site1\/wp-json\/wp\/v2\/media?parent=24353"}],"wp:term":[{"taxonomy":"product_cat","embeddable":true,"href":"https:\/\/bcmimprovement.com\/site1\/wp-json\/wp\/v2\/product_cat?post=24353"},{"taxonomy":"product_tag","embeddable":true,"href":"https:\/\/bcmimprovement.com\/site1\/wp-json\/wp\/v2\/product_tag?post=24353"}],"curies":[{"name":"wp","href":"https:\/\/api.w.org\/{rel}","templated":true}]}}