{"id":5742,"date":"2024-09-26T01:03:31","date_gmt":"2024-09-26T01:03:31","guid":{"rendered":"https:\/\/bcmimprovement.com\/site1\/producto\/teclado-numerico-acteck-ac-932622\/"},"modified":"2024-09-26T01:03:42","modified_gmt":"2024-09-26T01:03:42","slug":"teclado-numerico-acteck-ac-932622","status":"publish","type":"product","link":"https:\/\/bcmimprovement.com\/site1\/producto\/teclado-numerico-acteck-ac-932622\/","title":{"rendered":"Teclado Num\u00e9rico ACTECK AC-932622"},"content":{"rendered":"<p>Teclado Num\u00e9rico  ACTECK AC-932622 &#8211; USB, Num\u00e9rico, Negro, Universal<\/p>\n<p>EAN: 7506215932622<\/p>\n<p>Color del producto: Negro<br \/>\nInterfaz del dispositivo: USB<br \/>\nUtilizar con: Universal<br \/>\nDise\u00f1o de teclado: Num\u00e9rico<\/p>\n","protected":false},"excerpt":{"rendered":"<p><strong>Teclado Num\u00e9rico  ACTECK AC-932622 &#8211; USB, Num\u00e9rico, Negro, Universal<\/strong><\/p>\n","protected":false},"featured_media":5743,"comment_status":"closed","ping_status":"open","template":"","meta":[],"product_cat":[],"product_tag":[],"class_list":{"0":"post-5742","1":"product","2":"type-product","3":"status-publish","4":"has-post-thumbnail","7":"first","8":"instock","9":"product-type-simple"},"_links":{"self":[{"href":"https:\/\/bcmimprovement.com\/site1\/wp-json\/wp\/v2\/product\/5742","targetHints":{"allow":["GET"]}}],"collection":[{"href":"https:\/\/bcmimprovement.com\/site1\/wp-json\/wp\/v2\/product"}],"about":[{"href":"https:\/\/bcmimprovement.com\/site1\/wp-json\/wp\/v2\/types\/product"}],"replies":[{"embeddable":true,"href":"https:\/\/bcmimprovement.com\/site1\/wp-json\/wp\/v2\/comments?post=5742"}],"wp:featuredmedia":[{"embeddable":true,"href":"https:\/\/bcmimprovement.com\/site1\/wp-json\/wp\/v2\/media\/5743"}],"wp:attachment":[{"href":"https:\/\/bcmimprovement.com\/site1\/wp-json\/wp\/v2\/media?parent=5742"}],"wp:term":[{"taxonomy":"product_cat","embeddable":true,"href":"https:\/\/bcmimprovement.com\/site1\/wp-json\/wp\/v2\/product_cat?post=5742"},{"taxonomy":"product_tag","embeddable":true,"href":"https:\/\/bcmimprovement.com\/site1\/wp-json\/wp\/v2\/product_tag?post=5742"}],"curies":[{"name":"wp","href":"https:\/\/api.w.org\/{rel}","templated":true}]}}