{"id":5808,"date":"2024-09-26T01:04:18","date_gmt":"2024-09-26T01:04:18","guid":{"rendered":"https:\/\/bcmimprovement.com\/site1\/producto\/teclado-y-mouse-inalambrico-hp-hp-235\/"},"modified":"2024-09-26T01:05:02","modified_gmt":"2024-09-26T01:05:02","slug":"teclado-y-mouse-inalambrico-hp-hp-235","status":"publish","type":"product","link":"https:\/\/bcmimprovement.com\/site1\/producto\/teclado-y-mouse-inalambrico-hp-hp-235\/","title":{"rendered":"Teclado y Mouse Inal\u00e1mbrico HP HP 235"},"content":{"rendered":"<p>Teclado y Mouse Inal\u00e1mbrico HP HP 235 1Y4D0AA#ABM  Negro 1600 dpi &#8211; Puerto USB-A, Garant\u00eda 1 a\u00f1o<\/p>\n<p>UPC: 195122606220<\/p>\n<p>Color del producto: Negro<\/p>\n","protected":false},"excerpt":{"rendered":"<p><strong>Teclado y Mouse Inal\u00e1mbrico HP HP 235 1Y4D0AA#ABM  Negro 1600 dpi &#8211; Puerto USB-A, Garant\u00eda 1 a\u00f1o<\/strong><\/p>\n","protected":false},"featured_media":5809,"comment_status":"closed","ping_status":"open","template":"","meta":[],"product_cat":[],"product_tag":[],"class_list":{"0":"post-5808","1":"product","2":"type-product","3":"status-publish","4":"has-post-thumbnail","7":"first","8":"instock","9":"product-type-simple"},"_links":{"self":[{"href":"https:\/\/bcmimprovement.com\/site1\/wp-json\/wp\/v2\/product\/5808","targetHints":{"allow":["GET"]}}],"collection":[{"href":"https:\/\/bcmimprovement.com\/site1\/wp-json\/wp\/v2\/product"}],"about":[{"href":"https:\/\/bcmimprovement.com\/site1\/wp-json\/wp\/v2\/types\/product"}],"replies":[{"embeddable":true,"href":"https:\/\/bcmimprovement.com\/site1\/wp-json\/wp\/v2\/comments?post=5808"}],"wp:featuredmedia":[{"embeddable":true,"href":"https:\/\/bcmimprovement.com\/site1\/wp-json\/wp\/v2\/media\/5809"}],"wp:attachment":[{"href":"https:\/\/bcmimprovement.com\/site1\/wp-json\/wp\/v2\/media?parent=5808"}],"wp:term":[{"taxonomy":"product_cat","embeddable":true,"href":"https:\/\/bcmimprovement.com\/site1\/wp-json\/wp\/v2\/product_cat?post=5808"},{"taxonomy":"product_tag","embeddable":true,"href":"https:\/\/bcmimprovement.com\/site1\/wp-json\/wp\/v2\/product_tag?post=5808"}],"curies":[{"name":"wp","href":"https:\/\/api.w.org\/{rel}","templated":true}]}}