{"id":7655,"date":"2024-10-04T16:51:10","date_gmt":"2024-10-04T16:51:10","guid":{"rendered":"https:\/\/bcmimprovement.com\/site1\/producto\/bolso-para-computadora-portatil-targus-tct02702gl\/"},"modified":"2024-10-04T16:51:19","modified_gmt":"2024-10-04T16:51:19","slug":"bolso-para-computadora-portatil-targus-tct02702gl","status":"publish","type":"product","link":"https:\/\/bcmimprovement.com\/site1\/producto\/bolso-para-computadora-portatil-targus-tct02702gl\/","title":{"rendered":"Bolso para computadora port\u00e1til TARGUS TCT02702GL"},"content":{"rendered":"<p>Bolso para computadora port\u00e1til: malet\u00edn delgado cl\u00e1sico azul de 15 &#8211; 6, espacioso y ergon\u00f3mico targus TCT02702GL<\/p>\n<p>UPC: 092636362003<\/p>\n","protected":false},"excerpt":{"rendered":"<p><strong>Bolso para computadora port\u00e1til: malet\u00edn delgado cl\u00e1sico azul de 15 &#8211; 6, espacioso y ergon\u00f3mico targus TCT02702GL<\/strong><\/p>\n","protected":false},"featured_media":7656,"comment_status":"closed","ping_status":"open","template":"","meta":[],"product_cat":[56,60],"product_tag":[],"class_list":{"0":"post-7655","1":"product","2":"type-product","3":"status-publish","4":"has-post-thumbnail","6":"product_cat-accesorios-para-computo","7":"product_cat-mochilas-y-maletines","9":"first","10":"instock","11":"product-type-simple"},"_links":{"self":[{"href":"https:\/\/bcmimprovement.com\/site1\/wp-json\/wp\/v2\/product\/7655","targetHints":{"allow":["GET"]}}],"collection":[{"href":"https:\/\/bcmimprovement.com\/site1\/wp-json\/wp\/v2\/product"}],"about":[{"href":"https:\/\/bcmimprovement.com\/site1\/wp-json\/wp\/v2\/types\/product"}],"replies":[{"embeddable":true,"href":"https:\/\/bcmimprovement.com\/site1\/wp-json\/wp\/v2\/comments?post=7655"}],"wp:featuredmedia":[{"embeddable":true,"href":"https:\/\/bcmimprovement.com\/site1\/wp-json\/wp\/v2\/media\/7656"}],"wp:attachment":[{"href":"https:\/\/bcmimprovement.com\/site1\/wp-json\/wp\/v2\/media?parent=7655"}],"wp:term":[{"taxonomy":"product_cat","embeddable":true,"href":"https:\/\/bcmimprovement.com\/site1\/wp-json\/wp\/v2\/product_cat?post=7655"},{"taxonomy":"product_tag","embeddable":true,"href":"https:\/\/bcmimprovement.com\/site1\/wp-json\/wp\/v2\/product_tag?post=7655"}],"curies":[{"name":"wp","href":"https:\/\/api.w.org\/{rel}","templated":true}]}}