{"id":8473,"date":"2024-10-04T17:38:16","date_gmt":"2024-10-04T17:38:16","guid":{"rendered":"https:\/\/bcmimprovement.com\/site1\/producto\/tarjeta-de-interfaz-usb-manhattan-151375\/"},"modified":"2024-10-04T17:38:16","modified_gmt":"2024-10-04T17:38:16","slug":"tarjeta-de-interfaz-usb-manhattan-151375","status":"publish","type":"product","link":"https:\/\/bcmimprovement.com\/site1\/producto\/tarjeta-de-interfaz-usb-manhattan-151375\/","title":{"rendered":"Tarjeta de Interfaz USB MANHATTAN 151375"},"content":{"rendered":"<p>151375 Tarjeta de puertos USB de S\u00faper Velocidad PCI Express &#8211; A\u00f1ade dos puertos USB de S\u00faper Velocidad a la computadora de escritorio.<\/p>\n<p>UPC: 766623151375<\/p>\n<p>Interfaz: USB 3.0<br \/>\nInterfaz de host: PCI-E<br \/>\nTasa de transferencia (m\u00e1x): 5 Gbit\/s<br \/>\nTasas de transferencia soportadas: 5 Gbit\/s<\/p>\n","protected":false},"excerpt":{"rendered":"<p><strong>151375 Tarjeta de puertos USB de S\u00faper Velocidad PCI Express &#8211; A\u00f1ade dos puertos USB de S\u00faper Velocidad a la computadora de escritorio.<\/strong><\/p>\n","protected":false},"featured_media":8474,"comment_status":"closed","ping_status":"open","template":"","meta":[],"product_cat":[79,80],"product_tag":[],"class_list":{"0":"post-8473","1":"product","2":"type-product","3":"status-publish","4":"has-post-thumbnail","6":"product_cat-adaptadores","7":"product_cat-tarjetas-para-red","9":"first","10":"instock","11":"product-type-simple"},"_links":{"self":[{"href":"https:\/\/bcmimprovement.com\/site1\/wp-json\/wp\/v2\/product\/8473","targetHints":{"allow":["GET"]}}],"collection":[{"href":"https:\/\/bcmimprovement.com\/site1\/wp-json\/wp\/v2\/product"}],"about":[{"href":"https:\/\/bcmimprovement.com\/site1\/wp-json\/wp\/v2\/types\/product"}],"replies":[{"embeddable":true,"href":"https:\/\/bcmimprovement.com\/site1\/wp-json\/wp\/v2\/comments?post=8473"}],"wp:featuredmedia":[{"embeddable":true,"href":"https:\/\/bcmimprovement.com\/site1\/wp-json\/wp\/v2\/media\/8474"}],"wp:attachment":[{"href":"https:\/\/bcmimprovement.com\/site1\/wp-json\/wp\/v2\/media?parent=8473"}],"wp:term":[{"taxonomy":"product_cat","embeddable":true,"href":"https:\/\/bcmimprovement.com\/site1\/wp-json\/wp\/v2\/product_cat?post=8473"},{"taxonomy":"product_tag","embeddable":true,"href":"https:\/\/bcmimprovement.com\/site1\/wp-json\/wp\/v2\/product_tag?post=8473"}],"curies":[{"name":"wp","href":"https:\/\/api.w.org\/{rel}","templated":true}]}}